{"id":15018,"date":"2023-04-19T17:23:46","date_gmt":"2023-04-19T15:23:46","guid":{"rendered":"http:\/\/medizin.aretis-staging.ch\/?page_id=15018"},"modified":"2023-07-14T15:43:53","modified_gmt":"2023-07-14T13:43:53","slug":"mentions-legales","status":"publish","type":"page","link":"https:\/\/www.berufsverband-medizin.ch\/fr\/mentions-legales\/","title":{"rendered":"Mentions l\u00e9gales"},"content":{"rendered":"<div id='av_section_1'  class='avia-section av-1zzm2q2-ac720056b6bfaf95ffbc02372b0f0e1f alternate_color avia-section-large avia-shadow  avia-builder-el-0  avia-builder-el-no-sibling  avia-bg-style-scroll container_wrap fullsize'  ><div class='container av-section-cont-open' ><main  class='template-page content  av-content-full alpha units'><div class='post-entry post-entry-type-page post-entry-15018'><div class='entry-content-wrapper clearfix'>\n\n<style type=\"text\/css\" data-created_by=\"avia_inline_auto\" id=\"style-css-av-lgovwccc-f96554e25fdceb76a3fca99d6b82048f\">\n.av_font_icon.av-lgovwccc-f96554e25fdceb76a3fca99d6b82048f{\ncolor:#52a895;\nborder-color:#52a895;\n}\n.avia-svg-icon.av-lgovwccc-f96554e25fdceb76a3fca99d6b82048f svg:first-child{\nstroke:#52a895;\nfill:#52a895;\n}\n.av_font_icon.av-lgovwccc-f96554e25fdceb76a3fca99d6b82048f .av-icon-char{\nfont-size:60px;\nline-height:60px;\n}\n<\/style>\n<span  class='av_font_icon av-lgovwccc-f96554e25fdceb76a3fca99d6b82048f avia_animate_when_visible av-icon-style- avia-icon-pos-center avia-iconfont avia-font-entypo-fontello avia-icon-animate'><span class='av-icon-char' data-av_icon='\ue81f' data-av_iconfont='entypo-fontello' aria-hidden=\"true\" ><\/span><\/span>\n\n<style type=\"text\/css\" data-created_by=\"avia_inline_auto\" id=\"style-css-av-lgovw8qf-c2895bb7aad49cf7a64e3b67f425ac4e\">\n#top .av-special-heading.av-lgovw8qf-c2895bb7aad49cf7a64e3b67f425ac4e{\npadding-bottom:10px;\n}\nbody .av-special-heading.av-lgovw8qf-c2895bb7aad49cf7a64e3b67f425ac4e .av-special-heading-tag .heading-char{\nfont-size:25px;\n}\n.av-special-heading.av-lgovw8qf-c2895bb7aad49cf7a64e3b67f425ac4e .av-subheading{\nfont-size:15px;\n}\n<\/style>\n<div  class='av-special-heading av-lgovw8qf-c2895bb7aad49cf7a64e3b67f425ac4e av-special-heading-h1 blockquote modern-quote modern-centered  avia-builder-el-2  el_after_av_font_icon  el_before_av_hr'><h1 class='av-special-heading-tag'  >Mentions l\u00e9gales<\/h1><div class='av-subheading av-subheading_below'><p>Responsable du contenu<\/p>\n<\/div><div class=\"special-heading-border\"><div class=\"special-heading-inner-border\"><\/div><\/div><\/div>\n\n<style type=\"text\/css\" data-created_by=\"avia_inline_auto\" id=\"style-css-av-1ne8hka-d0d2d495a4bf764fce8e7f8b4f9b63fb\">\n#top .hr.av-1ne8hka-d0d2d495a4bf764fce8e7f8b4f9b63fb{\nmargin-top:30px;\nmargin-bottom:10px;\n}\n.hr.av-1ne8hka-d0d2d495a4bf764fce8e7f8b4f9b63fb .hr-inner{\nwidth:120px;\nborder-color:#52a895;\n}\n<\/style>\n<div  class='hr av-1ne8hka-d0d2d495a4bf764fce8e7f8b4f9b63fb hr-custom  avia-builder-el-3  el_after_av_heading  el_before_av_one_full  hr-center hr-icon-no'><span class='hr-inner inner-border-av-border-fat'><span class=\"hr-inner-style\"><\/span><\/span><\/div>\n<div class='flex_column_table av-13oo2sq-78d1d914846a3cacc2c7b93af3c9e3e3 sc-av_one_full av-equal-height-column-flextable'>\n<style type=\"text\/css\" data-created_by=\"avia_inline_auto\" id=\"style-css-av-13oo2sq-78d1d914846a3cacc2c7b93af3c9e3e3\">\n.flex_column.av-13oo2sq-78d1d914846a3cacc2c7b93af3c9e3e3{\nwidth:100%;\nmargin-left:0;\n}\n#top .flex_column_table.av-equal-height-column-flextable.av-13oo2sq-78d1d914846a3cacc2c7b93af3c9e3e3 .av-flex-placeholder{\nwidth:0%;\n}\n<\/style>\n<div  class='flex_column av-13oo2sq-78d1d914846a3cacc2c7b93af3c9e3e3 av_one_full  avia-builder-el-4  el_after_av_hr  avia-builder-el-last  first flex_column_table_cell av-equal-height-column av-align-top'     ><section  class='av_textblock_section av-lgow21cr-0a7a292aedbb008b380ad45f55305a7a'  ><div class='avia_textblock' ><h3>Responsable du contenu<\/h3>\n<p><strong>Association professionnelle de m\u00e9decine<\/strong><\/p>\n<p>T\u00e9l\u00e9phone : 044 207 29 00<br \/>\nCourrier \u00e9lectronique : <a href=\"mailto:verband@berufsverband-medizin.ch\">verband@berufsverband-medizin.ch<\/a><\/p>\n<\/div><\/section><br \/>\n<section  class='av_textblock_section av-lgow3ce5-edff6c06c1122fd3a4c271a4bdef92a6'  ><div class='avia_textblock' ><h3>Clause de non-responsabilit\u00e9<\/h3>\n<p>L'auteur n'assume aucune responsabilit\u00e9 quant \u00e0 la v\u00e9racit\u00e9, l'exactitude, l'actualit\u00e9, la fiabilit\u00e9 et l'exhaustivit\u00e9 du contenu des informations.<\/p>\n<p>L'auteur ne saurait \u00eatre tenu pour responsable des dommages mat\u00e9riels ou immat\u00e9riels qui pourraient \u00eatre caus\u00e9s par l'acc\u00e8s aux informations diffus\u00e9es ou par leur utilisation ou non-utilisation, par le mauvais usage de la connexion ou par des probl\u00e8mes techniques.<\/p>\n<p>Toutes les offres sont sans engagement. L'auteur se r\u00e9serve express\u00e9ment le droit de modifier, de compl\u00e9ter ou de supprimer des parties de pages ou l'ensemble de l'offre sans avis pr\u00e9alable, ou d'en suspendre temporairement ou d\u00e9finitivement la publication.<\/p>\n<hr \/>\n<h3>Responsabilit\u00e9 pour les liens<\/h3>\n<p>Les renvois et liens vers des sites web de tiers ne rel\u00e8vent pas de notre responsabilit\u00e9. Nous d\u00e9clinons toute responsabilit\u00e9 pour de tels sites. L'acc\u00e8s \u00e0 de tels sites et leur utilisation se font aux risques et p\u00e9rils de l'utilisateur ou de l'utilisatrice.<\/p>\n<hr \/>\n<h3>Droits d'auteur<\/h3>\n<p>Les droits d'auteur et tous les autres droits li\u00e9s aux contenus, images, photos ou autres fichiers pr\u00e9sents sur le site web appartiennent exclusivement \u00e0 l'association professionnelle M\u00e9decine<br \/>\nou aux titulaires de droits sp\u00e9cifiquement cit\u00e9s. Pour la reproduction de tout \u00e9l\u00e9ment, l'autorisation \u00e9crite des d\u00e9tenteurs des droits d'auteur doit \u00eatre obtenue au pr\u00e9alable.<\/p>\n<hr \/>\n<h3>Protection des donn\u00e9es<\/h3>\n<p>L'association professionnelle de m\u00e9decine suit l'actualit\u00e9 <a href=\"https:\/\/www.berufsverband-medizin.ch\/fr\/protection-des-donnees\/\">Loi sur la protection des donn\u00e9es<\/a>.<\/p>\n<\/div><\/section><\/p><\/div><\/div><!--close column table wrapper. Autoclose: 1 -->","protected":false},"excerpt":{"rendered":"","protected":false},"author":1,"featured_media":0,"parent":0,"menu_order":5,"comment_status":"closed","ping_status":"closed","template":"","meta":{"footnotes":""},"folder":[],"class_list":["post-15018","page","type-page","status-publish","hentry"],"yoast_head":"<!-- This site is optimized with the Yoast SEO plugin v27.5 - https:\/\/yoast.com\/product\/yoast-seo-wordpress\/ -->\n<title>Impressum<\/title>\n<meta name=\"description\" content=\"Verantwortlich f\u00fcr den Inhalt: Berufsverband Medizin, Telefon: 044 207 29 00, E-Mail: verband@berufsverband-medizin.ch\" \/>\n<meta name=\"robots\" content=\"index, follow, max-snippet:-1, max-image-preview:large, max-video-preview:-1\" \/>\n<link rel=\"canonical\" href=\"https:\/\/www.berufsverband-medizin.ch\/fr\/mentions-legales\/\" \/>\n<meta property=\"og:locale\" content=\"fr_FR\" \/>\n<meta property=\"og:type\" content=\"article\" \/>\n<meta property=\"og:title\" content=\"Impressum\" \/>\n<meta property=\"og:description\" content=\"Verantwortlich f\u00fcr den Inhalt: Berufsverband Medizin, Telefon: 044 207 29 00, E-Mail: verband@berufsverband-medizin.ch\" \/>\n<meta property=\"og:url\" content=\"https:\/\/www.berufsverband-medizin.ch\/fr\/mentions-legales\/\" \/>\n<meta property=\"og:site_name\" content=\"Berufsverband Medizin\" \/>\n<meta property=\"article:modified_time\" content=\"2023-07-14T13:43:53+00:00\" \/>\n<meta name=\"twitter:card\" content=\"summary_large_image\" \/>\n<meta name=\"twitter:label1\" content=\"Dur\u00e9e de lecture estim\u00e9e\" \/>\n\t<meta name=\"twitter:data1\" content=\"3 minutes\" \/>\n<script type=\"application\/ld+json\" class=\"yoast-schema-graph\">{\"@context\":\"https:\\\/\\\/schema.org\",\"@graph\":[{\"@type\":\"WebPage\",\"@id\":\"https:\\\/\\\/www.berufsverband-medizin.ch\\\/impressum\\\/\",\"url\":\"https:\\\/\\\/www.berufsverband-medizin.ch\\\/impressum\\\/\",\"name\":\"Impressum\",\"isPartOf\":{\"@id\":\"https:\\\/\\\/www.berufsverband-medizin.ch\\\/#website\"},\"datePublished\":\"2023-04-19T15:23:46+00:00\",\"dateModified\":\"2023-07-14T13:43:53+00:00\",\"description\":\"Verantwortlich f\u00fcr den Inhalt: Berufsverband Medizin, Telefon: 044 207 29 00, E-Mail: verband@berufsverband-medizin.ch\",\"breadcrumb\":{\"@id\":\"https:\\\/\\\/www.berufsverband-medizin.ch\\\/impressum\\\/#breadcrumb\"},\"inLanguage\":\"fr-FR\",\"potentialAction\":[{\"@type\":\"ReadAction\",\"target\":[\"https:\\\/\\\/www.berufsverband-medizin.ch\\\/impressum\\\/\"]}]},{\"@type\":\"BreadcrumbList\",\"@id\":\"https:\\\/\\\/www.berufsverband-medizin.ch\\\/impressum\\\/#breadcrumb\",\"itemListElement\":[{\"@type\":\"ListItem\",\"position\":1,\"name\":\"Startseite\",\"item\":\"https:\\\/\\\/www.berufsverband-medizin.ch\\\/\"},{\"@type\":\"ListItem\",\"position\":2,\"name\":\"Impressum\"}]},{\"@type\":\"WebSite\",\"@id\":\"https:\\\/\\\/www.berufsverband-medizin.ch\\\/#website\",\"url\":\"https:\\\/\\\/www.berufsverband-medizin.ch\\\/\",\"name\":\"Berufsverband Medizin\",\"description\":\"\",\"potentialAction\":[{\"@type\":\"SearchAction\",\"target\":{\"@type\":\"EntryPoint\",\"urlTemplate\":\"https:\\\/\\\/www.berufsverband-medizin.ch\\\/?s={search_term_string}\"},\"query-input\":{\"@type\":\"PropertyValueSpecification\",\"valueRequired\":true,\"valueName\":\"search_term_string\"}}],\"inLanguage\":\"fr-FR\"}]}<\/script>\n<!-- \/ Yoast SEO plugin. -->","yoast_head_json":{"title":"Mentions l\u00e9gales","description":"Responsable du contenu : Berufsverband Medizin, t\u00e9l\u00e9phone : 044 207 29 00, e-mail : verband@berufsverband-medizin.ch","robots":{"index":"index","follow":"follow","max-snippet":"max-snippet:-1","max-image-preview":"max-image-preview:large","max-video-preview":"max-video-preview:-1"},"canonical":"https:\/\/www.berufsverband-medizin.ch\/fr\/mentions-legales\/","og_locale":"fr_FR","og_type":"article","og_title":"Impressum","og_description":"Verantwortlich f\u00fcr den Inhalt: Berufsverband Medizin, Telefon: 044 207 29 00, E-Mail: verband@berufsverband-medizin.ch","og_url":"https:\/\/www.berufsverband-medizin.ch\/fr\/mentions-legales\/","og_site_name":"Berufsverband Medizin","article_modified_time":"2023-07-14T13:43:53+00:00","twitter_card":"summary_large_image","twitter_misc":{"Dur\u00e9e de lecture estim\u00e9e":"3 minutes"},"schema":{"@context":"https:\/\/schema.org","@graph":[{"@type":"WebPage","@id":"https:\/\/www.berufsverband-medizin.ch\/impressum\/","url":"https:\/\/www.berufsverband-medizin.ch\/impressum\/","name":"Mentions l\u00e9gales","isPartOf":{"@id":"https:\/\/www.berufsverband-medizin.ch\/#website"},"datePublished":"2023-04-19T15:23:46+00:00","dateModified":"2023-07-14T13:43:53+00:00","description":"Responsable du contenu : Berufsverband Medizin, t\u00e9l\u00e9phone : 044 207 29 00, e-mail : verband@berufsverband-medizin.ch","breadcrumb":{"@id":"https:\/\/www.berufsverband-medizin.ch\/impressum\/#breadcrumb"},"inLanguage":"fr-FR","potentialAction":[{"@type":"ReadAction","target":["https:\/\/www.berufsverband-medizin.ch\/impressum\/"]}]},{"@type":"BreadcrumbList","@id":"https:\/\/www.berufsverband-medizin.ch\/impressum\/#breadcrumb","itemListElement":[{"@type":"ListItem","position":1,"name":"Startseite","item":"https:\/\/www.berufsverband-medizin.ch\/"},{"@type":"ListItem","position":2,"name":"Impressum"}]},{"@type":"WebSite","@id":"https:\/\/www.berufsverband-medizin.ch\/#website","url":"https:\/\/www.berufsverband-medizin.ch\/","name":"Association professionnelle de m\u00e9decine","description":"","potentialAction":[{"@type":"SearchAction","target":{"@type":"EntryPoint","urlTemplate":"https:\/\/www.berufsverband-medizin.ch\/?s={search_term_string}"},"query-input":{"@type":"PropertyValueSpecification","valueRequired":true,"valueName":"search_term_string"}}],"inLanguage":"fr-FR"}]}},"_links":{"self":[{"href":"https:\/\/www.berufsverband-medizin.ch\/fr\/wp-json\/wp\/v2\/pages\/15018","targetHints":{"allow":["GET"]}}],"collection":[{"href":"https:\/\/www.berufsverband-medizin.ch\/fr\/wp-json\/wp\/v2\/pages"}],"about":[{"href":"https:\/\/www.berufsverband-medizin.ch\/fr\/wp-json\/wp\/v2\/types\/page"}],"author":[{"embeddable":true,"href":"https:\/\/www.berufsverband-medizin.ch\/fr\/wp-json\/wp\/v2\/users\/1"}],"replies":[{"embeddable":true,"href":"https:\/\/www.berufsverband-medizin.ch\/fr\/wp-json\/wp\/v2\/comments?post=15018"}],"version-history":[{"count":5,"href":"https:\/\/www.berufsverband-medizin.ch\/fr\/wp-json\/wp\/v2\/pages\/15018\/revisions"}],"predecessor-version":[{"id":15177,"href":"https:\/\/www.berufsverband-medizin.ch\/fr\/wp-json\/wp\/v2\/pages\/15018\/revisions\/15177"}],"wp:attachment":[{"href":"https:\/\/www.berufsverband-medizin.ch\/fr\/wp-json\/wp\/v2\/media?parent=15018"}],"wp:term":[{"taxonomy":"folder","embeddable":true,"href":"https:\/\/www.berufsverband-medizin.ch\/fr\/wp-json\/wp\/v2\/folder?post=15018"}],"curies":[{"name":"wp","href":"https:\/\/api.w.org\/{rel}","templated":true}]}}

Mentions légales

<div id='av_section_1'  class='avia-section av-1zzm2q2-ac720056b6bfaf95ffbc02372b0f0e1f alternate_color avia-section-large avia-shadow  avia-builder-el-0  avia-builder-el-no-sibling  avia-bg-style-scroll container_wrap fullsize'  ><div class='container av-section-cont-open' ><main  class='template-page content  av-content-full alpha units'><div class='post-entry post-entry-type-page post-entry-15018'><div class='entry-content-wrapper clearfix'>

<style type="text/css" data-created_by="avia_inline_auto" id="style-css-av-lgovwccc-f96554e25fdceb76a3fca99d6b82048f">
.av_font_icon.av-lgovwccc-f96554e25fdceb76a3fca99d6b82048f{
color:#52a895;
border-color:#52a895;
}
.avia-svg-icon.av-lgovwccc-f96554e25fdceb76a3fca99d6b82048f svg:first-child{
stroke:#52a895;
fill:#52a895;
}
.av_font_icon.av-lgovwccc-f96554e25fdceb76a3fca99d6b82048f .av-icon-char{
font-size:60px;
line-height:60px;
}
</style>
<span  class='av_font_icon av-lgovwccc-f96554e25fdceb76a3fca99d6b82048f avia_animate_when_visible av-icon-style- avia-icon-pos-center avia-iconfont avia-font-entypo-fontello avia-icon-animate'><span class='av-icon-char' data-av_icon='' data-av_iconfont='entypo-fontello' aria-hidden="true" ></span></span>

<style type="text/css" data-created_by="avia_inline_auto" id="style-css-av-lgovw8qf-c2895bb7aad49cf7a64e3b67f425ac4e">
#top .av-special-heading.av-lgovw8qf-c2895bb7aad49cf7a64e3b67f425ac4e{
padding-bottom:10px;
}
body .av-special-heading.av-lgovw8qf-c2895bb7aad49cf7a64e3b67f425ac4e .av-special-heading-tag .heading-char{
font-size:25px;
}
.av-special-heading.av-lgovw8qf-c2895bb7aad49cf7a64e3b67f425ac4e .av-subheading{
font-size:15px;
}
</style>
<div  class='av-special-heading av-lgovw8qf-c2895bb7aad49cf7a64e3b67f425ac4e av-special-heading-h1 blockquote modern-quote modern-centered  avia-builder-el-2  el_after_av_font_icon  el_before_av_hr'><h1 class='av-special-heading-tag'  >Mentions légales</h1><div class='av-subheading av-subheading_below'><p>Responsable du contenu</p>
</div><div class="special-heading-border"><div class="special-heading-inner-border"></div></div></div>

<style type="text/css" data-created_by="avia_inline_auto" id="style-css-av-1ne8hka-d0d2d495a4bf764fce8e7f8b4f9b63fb">
#top .hr.av-1ne8hka-d0d2d495a4bf764fce8e7f8b4f9b63fb{
margin-top:30px;
margin-bottom:10px;
}
.hr.av-1ne8hka-d0d2d495a4bf764fce8e7f8b4f9b63fb .hr-inner{
width:120px;
border-color:#52a895;
}
</style>
<div  class='hr av-1ne8hka-d0d2d495a4bf764fce8e7f8b4f9b63fb hr-custom  avia-builder-el-3  el_after_av_heading  el_before_av_one_full  hr-center hr-icon-no'><span class='hr-inner inner-border-av-border-fat'><span class="hr-inner-style"></span></span></div>
<div class='flex_column_table av-13oo2sq-78d1d914846a3cacc2c7b93af3c9e3e3 sc-av_one_full av-equal-height-column-flextable'>
<style type="text/css" data-created_by="avia_inline_auto" id="style-css-av-13oo2sq-78d1d914846a3cacc2c7b93af3c9e3e3">
.flex_column.av-13oo2sq-78d1d914846a3cacc2c7b93af3c9e3e3{
width:100%;
margin-left:0;
}
#top .flex_column_table.av-equal-height-column-flextable.av-13oo2sq-78d1d914846a3cacc2c7b93af3c9e3e3 .av-flex-placeholder{
width:0%;
}
</style>
<div  class='flex_column av-13oo2sq-78d1d914846a3cacc2c7b93af3c9e3e3 av_one_full  avia-builder-el-4  el_after_av_hr  avia-builder-el-last  first flex_column_table_cell av-equal-height-column av-align-top'     ><section  class='av_textblock_section av-lgow21cr-0a7a292aedbb008b380ad45f55305a7a'  ><div class='avia_textblock' ><h3>Responsable du contenu</h3>
<p><strong>Association professionnelle de médecine</strong></p>
<p>Téléphone : 044 207 29 00<br />
Courrier électronique : <a href="mailto:verband@berufsverband-medizin.ch">verband@berufsverband-medizin.ch</a></p>
</div></section><br />
<section  class='av_textblock_section av-lgow3ce5-edff6c06c1122fd3a4c271a4bdef92a6'  ><div class='avia_textblock' ><h3>Clause de non-responsabilité</h3>
<p>L'auteur n'assume aucune responsabilité quant à la véracité, l'exactitude, l'actualité, la fiabilité et l'exhaustivité du contenu des informations.</p>
<p>L'auteur ne saurait être tenu pour responsable des dommages matériels ou immatériels qui pourraient être causés par l'accès aux informations diffusées ou par leur utilisation ou non-utilisation, par le mauvais usage de la connexion ou par des problèmes techniques.</p>
<p>Toutes les offres sont sans engagement. L'auteur se réserve expressément le droit de modifier, de compléter ou de supprimer des parties de pages ou l'ensemble de l'offre sans avis préalable, ou d'en suspendre temporairement ou définitivement la publication.</p>
<hr />
<h3>Responsabilité pour les liens</h3>
<p>Les renvois et liens vers des sites web de tiers ne relèvent pas de notre responsabilité. Nous déclinons toute responsabilité pour de tels sites. L'accès à de tels sites et leur utilisation se font aux risques et périls de l'utilisateur ou de l'utilisatrice.</p>
<hr />
<h3>Droits d'auteur</h3>
<p>Les droits d'auteur et tous les autres droits liés aux contenus, images, photos ou autres fichiers présents sur le site web appartiennent exclusivement à l'association professionnelle Médecine<br />
ou aux titulaires de droits spécifiquement cités. Pour la reproduction de tout élément, l'autorisation écrite des détenteurs des droits d'auteur doit être obtenue au préalable.</p>
<hr />
<h3>Protection des données</h3>
<p>L'association professionnelle de médecine suit l'actualité <a href="https://www.berufsverband-medizin.ch/fr/protection-des-donnees/">Loi sur la protection des données</a>.</p>
</div></section></p></div></div><!--close column table wrapper. Autoclose: 1 -->

<!-- This site is optimized with the Yoast SEO plugin v27.5 - https://yoast.com/product/yoast-seo-wordpress/ -->
<title>Impressum</title>
<meta name="description" content="Verantwortlich für den Inhalt: Berufsverband Medizin, Telefon: 044 207 29 00, E-Mail: verband@berufsverband-medizin.ch" />
<meta name="robots" content="index, follow, max-snippet:-1, max-image-preview:large, max-video-preview:-1" />
<link rel="canonical" href="https://www.berufsverband-medizin.ch/fr/mentions-legales/" />
<meta property="og:locale" content="fr_FR" />
<meta property="og:type" content="article" />
<meta property="og:title" content="Impressum" />
<meta property="og:description" content="Verantwortlich für den Inhalt: Berufsverband Medizin, Telefon: 044 207 29 00, E-Mail: verband@berufsverband-medizin.ch" />
<meta property="og:url" content="https://www.berufsverband-medizin.ch/fr/mentions-legales/" />
<meta property="og:site_name" content="Berufsverband Medizin" />
<meta property="article:modified_time" content="2023-07-14T13:43:53+00:00" />
<meta name="twitter:card" content="summary_large_image" />
<meta name="twitter:label1" content="Durée de lecture estimée" />
	<meta name="twitter:data1" content="3 minutes" />
<script type="application/ld+json" class="yoast-schema-graph">{"@context":"https:\/\/schema.org","@graph":[{"@type":"WebPage","@id":"https:\/\/www.berufsverband-medizin.ch\/impressum\/","url":"https:\/\/www.berufsverband-medizin.ch\/impressum\/","name":"Impressum","isPartOf":{"@id":"https:\/\/www.berufsverband-medizin.ch\/#website"},"datePublished":"2023-04-19T15:23:46+00:00","dateModified":"2023-07-14T13:43:53+00:00","description":"Verantwortlich für den Inhalt: Berufsverband Medizin, Telefon: 044 207 29 00, E-Mail: verband@berufsverband-medizin.ch","breadcrumb":{"@id":"https:\/\/www.berufsverband-medizin.ch\/impressum\/#breadcrumb"},"inLanguage":"fr-FR","potentialAction":[{"@type":"ReadAction","target":["https:\/\/www.berufsverband-medizin.ch\/impressum\/"]}]},{"@type":"BreadcrumbList","@id":"https:\/\/www.berufsverband-medizin.ch\/impressum\/#breadcrumb","itemListElement":[{"@type":"ListItem","position":1,"name":"Startseite","item":"https:\/\/www.berufsverband-medizin.ch\/"},{"@type":"ListItem","position":2,"name":"Impressum"}]},{"@type":"WebSite","@id":"https:\/\/www.berufsverband-medizin.ch\/#website","url":"https:\/\/www.berufsverband-medizin.ch\/","name":"Berufsverband Medizin","description":"","potentialAction":[{"@type":"SearchAction","target":{"@type":"EntryPoint","urlTemplate":"https:\/\/www.berufsverband-medizin.ch\/?s={search_term_string}"},"query-input":{"@type":"PropertyValueSpecification","valueRequired":true,"valueName":"search_term_string"}}],"inLanguage":"fr-FR"}]}</script>
<!-- / Yoast SEO plugin. -->

Responsable du contenu : Berufsverband Medizin, téléphone : 044 207 29 00, e-mail : verband@berufsverband-medizin.ch

Verantwortlich für den Inhalt: Berufsverband Medizin, Telefon: 044 207 29 00, E-Mail: verband@berufsverband-medizin.ch

Association professionnelle de médecine
